{"id":246,"date":"2014-01-25T16:57:31","date_gmt":"2014-01-25T15:57:31","guid":{"rendered":"http:\/\/abicyclediary.com\/?page_id=246"},"modified":"2014-01-27T17:45:41","modified_gmt":"2014-01-27T16:45:41","slug":"technik","status":"publish","type":"page","link":"https:\/\/abicyclediary.com\/?page_id=246","title":{"rendered":"Technik"},"content":{"rendered":"<p><span style=\"color: #000000;\">Grunds\u00e4tzlich versuche ich, die Reise mit so wenig technischem Equipment als m\u00f6glich zu bestreiten. Um eine Dokumentation der Reise durchf\u00fchren zu k\u00f6nnen, will ich aber nicht auf Foto und Video verzichten. Daf\u00fcr versuche ich, prinzipiell stromautark unterwegs zu sein. Alle meine technischen Ger\u00e4te lassen sich \u00fcber den Nabendynamo mit Strom versorgen. Als Backup gibt es aber noch Ladeger\u00e4te f\u00fcr die Steckdose.<\/span><\/p>\n<p><span style=\"color: #000000;\">Die Sicherung der Fotos \/ Videos sollte wenn m\u00f6glich \u00fcber den Onlinespeicher funktionieren. Sollte die Internetverbindung aber keinen ausreichenden Upload erm\u00f6glichen, muss auf analoge Speichermedien zur\u00fcckgegriffen werden.<\/span><\/p>\n<ul>\n<li><span style=\"color: #000000;\">Speicherkarten (Fotokamera SD Karten; Gopro micro SD)<\/span><\/li>\n<li><span style=\"color: #000000;\">Fotokamera Panasonic Lumix LX7; USB f\u00e4higes Ladeger\u00e4t<\/span><\/li>\n<li><span style=\"color: #000000;\">Videokamera GOPRO Hero 3 Silver (wasserdicht und staubresistent)<br \/>\n<\/span><\/li>\n<li><span style=\"color: #000000;\">MP3 Player (falls es wider Erwarten irgendwann mal langweilig wird)<br \/>\n<\/span><\/li>\n<li><span style=\"color: #000000;\">Tablet IPad Mini 32GB Wifi (zur Blog-Pflege bei WIFI, als E-Book Reader, als Kommunikationsmittel und als Kartenlieferant&#8230;)<br \/>\n<\/span><\/li>\n<li><span style=\"color: #000000;\">USB Stick 4GB mit portablen Programmen (z.B. Internet Browser und Videobearbeitungssoftware) Private Daten auf verschl\u00fcsseltem Ordner (TAN Listen, Ausweiskopien)<\/span><\/li>\n<li><span style=\"color: #000000;\">Sicherungskopie aller Daten auf Daten Cloud<\/span><\/li>\n<li><span style=\"color: #000000;\">USB Stick \/ Externe Festplatte zum Datensichern<\/span><\/li>\n<li><span style=\"color: #000000;\">Kartenleseger\u00e4t (Kombi SD und Micro SD erm\u00f6glicht den Transfer von Fotos und Videos auf das Tablet)<\/span><\/li>\n<li><span style=\"color: #000000;\">Mehrfachsteckdose, falls mehrere Ger\u00e4te gleichzeitig am Stromnetz geladen werden<br \/>\n<\/span><\/li>\n<li><span style=\"color: #000000;\">USB Ladeadapter Steckdose 2A + 1A (2 Ger\u00e4te gleichzeitig)<\/span><\/li>\n<li><span style=\"color: #000000;\">Externer Akku (wird laufend \u00fcber den Nabendynamo geladen. Bei Bedarf werden die jeweiligen Ger\u00e4te zum Laden angeschlossen)<br \/>\n<\/span><\/li>\n<li><span style=\"color: #000000;\">Reiseadapter<\/span><\/li>\n<li><span style=\"color: #000000;\">Outdoorhandy. Quadbandf\u00e4hig,\u00a0 wasserdicht, Taschenlampe und lange Akku-Laufzeit (Samsung B2710)<br \/>\n<\/span><\/li>\n<li><span style=\"color: #000000;\">Mini Stativ f\u00fcr Kamera und GOPRO<br \/>\n<\/span><\/li>\n<\/ul>\n","protected":false},"excerpt":{"rendered":"<p>Grunds\u00e4tzlich versuche ich, die Reise mit so wenig technischem Equipment als m\u00f6glich zu bestreiten. Um eine Dokumentation der Reise durchf\u00fchren zu k\u00f6nnen, will ich aber nicht auf Foto und Video verzichten. Daf\u00fcr versuche ich, prinzipiell stromautark unterwegs zu sein. Alle meine technischen Ger\u00e4te lassen sich \u00fcber den Nabendynamo mit Strom versorgen. Als Backup gibt es&#8230;<\/p>\n","protected":false},"author":2,"featured_media":0,"parent":55,"menu_order":4,"comment_status":"open","ping_status":"open","template":"","meta":[],"_links":{"self":[{"href":"https:\/\/abicyclediary.com\/index.php?rest_route=\/wp\/v2\/pages\/246"}],"collection":[{"href":"https:\/\/abicyclediary.com\/index.php?rest_route=\/wp\/v2\/pages"}],"about":[{"href":"https:\/\/abicyclediary.com\/index.php?rest_route=\/wp\/v2\/types\/page"}],"author":[{"embeddable":true,"href":"https:\/\/abicyclediary.com\/index.php?rest_route=\/wp\/v2\/users\/2"}],"replies":[{"embeddable":true,"href":"https:\/\/abicyclediary.com\/index.php?rest_route=%2Fwp%2Fv2%2Fcomments&post=246"}],"version-history":[{"count":4,"href":"https:\/\/abicyclediary.com\/index.php?rest_route=\/wp\/v2\/pages\/246\/revisions"}],"predecessor-version":[{"id":313,"href":"https:\/\/abicyclediary.com\/index.php?rest_route=\/wp\/v2\/pages\/246\/revisions\/313"}],"up":[{"embeddable":true,"href":"https:\/\/abicyclediary.com\/index.php?rest_route=\/wp\/v2\/pages\/55"}],"wp:attachment":[{"href":"https:\/\/abicyclediary.com\/index.php?rest_route=%2Fwp%2Fv2%2Fmedia&parent=246"}],"curies":[{"name":"wp","href":"https:\/\/api.w.org\/{rel}","templated":true}]}}

<p><span style="color: #000000;">Grundsätzlich versuche ich, die Reise mit so wenig technischem Equipment als möglich zu bestreiten. Um eine Dokumentation der Reise durchführen zu können, will ich aber nicht auf Foto und Video verzichten. Dafür versuche ich, prinzipiell stromautark unterwegs zu sein. Alle meine technischen Geräte lassen sich über den Nabendynamo mit Strom versorgen. Als Backup gibt es aber noch Ladegeräte für die Steckdose.</span></p>
<p><span style="color: #000000;">Die Sicherung der Fotos / Videos sollte wenn möglich über den Onlinespeicher funktionieren. Sollte die Internetverbindung aber keinen ausreichenden Upload ermöglichen, muss auf analoge Speichermedien zurückgegriffen werden.</span></p>
<ul>
<li><span style="color: #000000;">Speicherkarten (Fotokamera SD Karten; Gopro micro SD)</span></li>
<li><span style="color: #000000;">Fotokamera Panasonic Lumix LX7; USB fähiges Ladegerät</span></li>
<li><span style="color: #000000;">Videokamera GOPRO Hero 3 Silver (wasserdicht und staubresistent)<br />
</span></li>
<li><span style="color: #000000;">MP3 Player (falls es wider Erwarten irgendwann mal langweilig wird)<br />
</span></li>
<li><span style="color: #000000;">Tablet IPad Mini 32GB Wifi (zur Blog-Pflege bei WIFI, als E-Book Reader, als Kommunikationsmittel und als Kartenlieferant&#8230;)<br />
</span></li>
<li><span style="color: #000000;">USB Stick 4GB mit portablen Programmen (z.B. Internet Browser und Videobearbeitungssoftware) Private Daten auf verschlüsseltem Ordner (TAN Listen, Ausweiskopien)</span></li>
<li><span style="color: #000000;">Sicherungskopie aller Daten auf Daten Cloud</span></li>
<li><span style="color: #000000;">USB Stick / Externe Festplatte zum Datensichern</span></li>
<li><span style="color: #000000;">Kartenlesegerät (Kombi SD und Micro SD ermöglicht den Transfer von Fotos und Videos auf das Tablet)</span></li>
<li><span style="color: #000000;">Mehrfachsteckdose, falls mehrere Geräte gleichzeitig am Stromnetz geladen werden<br />
</span></li>
<li><span style="color: #000000;">USB Ladeadapter Steckdose 2A + 1A (2 Geräte gleichzeitig)</span></li>
<li><span style="color: #000000;">Externer Akku (wird laufend über den Nabendynamo geladen. Bei Bedarf werden die jeweiligen Geräte zum Laden angeschlossen)<br />
</span></li>
<li><span style="color: #000000;">Reiseadapter</span></li>
<li><span style="color: #000000;">Outdoorhandy. Quadbandfähig,  wasserdicht, Taschenlampe und lange Akku-Laufzeit (Samsung B2710)<br />
</span></li>
<li><span style="color: #000000;">Mini Stativ für Kamera und GOPRO<br />
</span></li>
</ul>

<p>Grundsätzlich versuche ich, die Reise mit so wenig technischem Equipment als möglich zu bestreiten. Um eine Dokumentation der Reise durchführen zu können, will ich aber nicht auf Foto und Video verzichten. Dafür versuche ich, prinzipiell stromautark unterwegs zu sein. Alle meine technischen Geräte lassen sich über den Nabendynamo mit Strom versorgen. Als Backup gibt es&#8230;</p>
