{"id":75,"date":"2014-01-02T17:33:53","date_gmt":"2014-01-02T15:33:53","guid":{"rendered":"http:\/\/abicyclediary.com\/?page_id=75"},"modified":"2014-01-27T17:35:49","modified_gmt":"2014-01-27T16:35:49","slug":"camping","status":"publish","type":"page","link":"https:\/\/abicyclediary.com\/?page_id=75","title":{"rendered":"Camping"},"content":{"rendered":"<h2>Alles Notwendige rund um Zelt und Essen<\/h2>\n<ul>\n<li><span style=\"color: #000000;\">1 Zelt:<\/span> <a title=\"Zelt\" href=\"http:\/\/www.youtube.com\/watch?v=SfTCtjjPx7g&amp;feature=player_embedded\" target=\"_blank\">Exped Venus II<\/a><span style=\"color: #000000;\"> inkl. Footprint (2-Personen Zelt, 4 Jahreszeiten)<\/span><br \/>\n<span style=\"color: #000000;\"> Warum ein 2-Personen Zelt, wenn man alleine unterwegs ist? Nur 2-Personenzelte bieten den Luxus, dass die Packtaschen im Zelt verstaut werden k\u00f6nnen&#8230; ausserdem ist die Gefahr des Zelt-Kollers etwas kleiner. Zwei Eing\u00e4nge ins Zelt erlauben es, eine Apside mit Gep\u00e4ck vollzustellen, die zweite Apside ist frei zum Kochen etc.<\/span><br \/>\n<span style=\"color: #000000;\"> Nat\u00fcrlich muss man daf\u00fcr etwas mehr Gep\u00e4ck in Kauf nehmen.<\/span><\/li>\n<li><span style=\"color: #000000;\">1 Schlafsack:<\/span> <a href=\"http:\/\/www.youtube.com\/watch?v=mBjPVoAYV0o&amp;feature=player_embedded\" target=\"_blank\">Exped Dreamwalker 650M <\/a><span style=\"color: #000000;\">(Daunenschlafsack, mit dem man auch aufs WC gehen kann, ohne aus dem Schlafsack steigen zu m\u00fcssen&#8230; auch als Decke einsetzbar)<\/span><\/li>\n<li><span style=\"color: #000000;\">Seideninlet (wenn mal wieder keine Dusche zur Hand ist, freut es den Daunenschlafsack&#8230;)<\/span><\/li>\n<li><span style=\"color: #000000;\">1 Liegematte: Exped <a title=\"Liegematte\" href=\"http:\/\/www.youtube.com\/watch?v=VA9u8Hc39EQ&amp;feature=player_embedded\" target=\"_blank\"><span style=\"color: #000000;\">Down Mat UL7M<\/span><\/a> (ist etwas aufwendig zum Aufblasen, weil das \u00fcber einen separaten Luftsack erfolgt, daf\u00fcr aber unwarscheinlich bequem!)<\/span><\/li>\n<li><span style=\"color: #000000;\">1 Alu-beschichtete Liegematte (sehr leicht und sch\u00fctzt die Down Mat bei steinigem Untergrund)<\/span><\/li>\n<li><span style=\"color: #000000;\">1 Kocher: Benzinkocher<\/span> <a title=\"Benzinkocher\" href=\"http:\/\/www.youtube.com\/watch?v=SfTCtjjPx7g&amp;feature=player_embedded\" target=\"_blank\">Optimus Nova<\/a>. <span style=\"color: #000000;\">(Benzin als Brennstoff ist \u00fcberall verf\u00fcgbar)<\/span><\/li>\n<li><span style=\"color: #000000;\">1 Katadyn Kombi:<\/span> <a title=\"Wasserfilter\" href=\"http:\/\/www.youtube.com\/watch?feature=player_detailpage&amp;v=Mtzsc5y8MDs\" target=\"_blank\">Wasserfilter<\/a> <span style=\"color: #000000;\">f\u00fcr Notf\u00e4lle. Wenn es wirklich drauf ankommt, kann man auch aus brauner Br\u00fche Trinkwasser machen<\/span><\/li>\n<li><span style=\"color: #000000;\">Kochgeschirr (2 T\u00f6pfe Alu beschichtet, 1 Deckel -&gt; dient auch als Pfanne, 2x Messer-L\u00f6ffel-Gabel Kombi, MSR K\u00fcchenkombi)<\/span><\/li>\n<li><span style=\"color: #000000;\">1<\/span> <a title=\"Faltteller\" href=\"http:\/\/www.youtube.com\/watch?feature=player_detailpage&amp;v=UtIY-n-_VcU\">Faltteller<\/a><span style=\"color: #000000;\">, 1 Falttasse -&gt; dient gleichzeitig als Schneidebrett, wird flach verstaut und kann auch als Suppensch\u00fcssel verwendet werden.<\/span><\/li>\n<li><span style=\"color: #000000;\">1 Ortlieb<\/span> <a title=\"Faltsch\u00fcssel\" href=\"http:\/\/www.youtube.com\/watch?v=wprmhGb4waY&amp;feature=player_detailpage\" target=\"_blank\">Faltsch\u00fcssel<\/a><\/li>\n<li><span style=\"color: #000000;\">1 Ortlieb Wassersack 3l mit Duschvorsatz<\/span><\/li>\n<li><span style=\"color: #000000;\">1 Thermoskanne 0,75l<\/span><\/li>\n<li><span style=\"color: #000000;\">1 Stirnlampe (USB &#8211; ladef\u00e4hig)<\/span><\/li>\n<li><span style=\"color: #000000;\">Schwamm &amp; K\u00fcchentuch<\/span><\/li>\n<li><span style=\"color: #000000;\">1 Kompass<\/span><\/li>\n<li><span style=\"color: #000000;\">Gew\u00fcrze (in Fildosen verpackt)<\/span><\/li>\n<li><span style=\"color: #000000;\">verschlie\u00dfbare T\u00fcten \/ Boxen<\/span><\/li>\n<\/ul>\n","protected":false},"excerpt":{"rendered":"<p>Alles Notwendige rund um Zelt und Essen 1 Zelt: Exped Venus II inkl. Footprint (2-Personen Zelt, 4 Jahreszeiten) Warum ein 2-Personen Zelt, wenn man alleine unterwegs ist? Nur 2-Personenzelte bieten den Luxus, dass die Packtaschen im Zelt verstaut werden k\u00f6nnen&#8230; ausserdem ist die Gefahr des Zelt-Kollers etwas kleiner. Zwei Eing\u00e4nge ins Zelt erlauben es, eine&#8230;<\/p>\n","protected":false},"author":2,"featured_media":0,"parent":55,"menu_order":1,"comment_status":"open","ping_status":"open","template":"","meta":[],"_links":{"self":[{"href":"https:\/\/abicyclediary.com\/index.php?rest_route=\/wp\/v2\/pages\/75"}],"collection":[{"href":"https:\/\/abicyclediary.com\/index.php?rest_route=\/wp\/v2\/pages"}],"about":[{"href":"https:\/\/abicyclediary.com\/index.php?rest_route=\/wp\/v2\/types\/page"}],"author":[{"embeddable":true,"href":"https:\/\/abicyclediary.com\/index.php?rest_route=\/wp\/v2\/users\/2"}],"replies":[{"embeddable":true,"href":"https:\/\/abicyclediary.com\/index.php?rest_route=%2Fwp%2Fv2%2Fcomments&post=75"}],"version-history":[{"count":14,"href":"https:\/\/abicyclediary.com\/index.php?rest_route=\/wp\/v2\/pages\/75\/revisions"}],"predecessor-version":[{"id":358,"href":"https:\/\/abicyclediary.com\/index.php?rest_route=\/wp\/v2\/pages\/75\/revisions\/358"}],"up":[{"embeddable":true,"href":"https:\/\/abicyclediary.com\/index.php?rest_route=\/wp\/v2\/pages\/55"}],"wp:attachment":[{"href":"https:\/\/abicyclediary.com\/index.php?rest_route=%2Fwp%2Fv2%2Fmedia&parent=75"}],"curies":[{"name":"wp","href":"https:\/\/api.w.org\/{rel}","templated":true}]}}